f 32611?
6
What is the tens digit of 3878?
7
What is the ten thousands digit of 17349?
1
What is the ten thousands digit of 52752?
5
What is the tens digit of 1574?
7
What is the units digit of 1233?
3
What is the units digit of 111811?
1
What is the hundreds digit of 534?
5
What is the units digit of 2586?
6
What is the thousands digit of 2507?
2
What is the tens digit of 1655?
5
What is the thousands digit of 54430?
4
What is the hundreds digit of 7436?
4
What is the thousands digit of 39149?
9
What is the units digit of 859?
9
What is the tens digit of 93769?
6
What is the hundred thousands digit of 103117?
1
What is the thousands digit of 9457?
9
What is the thousands digit of 49840?
9
What is the tens digit of 55521?
2
What is the ten thousands digit of 41248?
4
What is the thousands digit of 5807?
5
What is the tens digit of 2840?
4
What is the thousands digit of 142455?
2
What is the units digit of 5828?
8
What is the thousands digit of 11349?
1
What is the tens digit of 30282?
8
What is the thousands digit of 1723?
1
What is the tens digit of 1347?
4
What is the hundreds digit of 86349?
3
What is the units digit of 9823?
3
What is the hundreds digit of 918?
9
What is the hundreds digit of 2819?
8
What is the thousands digit of 24649?
4
What is the units digit of 4297?
7
What is the thousands digit of 10701?
0
What is the hundreds digit of 577?
5
What is the thousands digit of 65631?
5
What is the units digit of 3031?
1
What is the tens digit of 826?
2
What is the thousands digit of 1046?
1
What is the tens digit of 3664?
6
What is the units digit of 171?
1
What is the hundreds digit of 7917?
9
What is the units digit of 442?
2
What is the units digit of 2058?
8
What is the hundreds digit of 1541?
5
What is the thousands digit of 1819?
1
What is the thousands digit of 134612?
4
What is the tens digit of 6739?
3
What is the thousands digit of 5504?
5
What is the tens digit of 3114?
1
What is the tens digit of 5246?
4
What is the hundreds digit of 774?
7
What is the units digit of 6401?
1
What is the tens digit of 58058?
5
What is the hundreds digit of 23171?
1
What is the hundreds digit of 41696?
6
What is the units digit of 15797?
7
What is the tens digit of 353?
5
What is the hundreds digit of 2147?
1
What is the hundreds digit of 43085?
0
What is the thousands digit of 1740?
1
What is the hundreds digit of 17514?
5
What is the ten thousands digit of 23530?
2
What is the units digit of 20234?
4
What is the tens digit of 3967?
6
What is the units digit of 5?
5
What is the tens digit of 910?
1
What is the ten thousands digit of 30952?
3
What is the thousands digit of 2020?
2
What is the ten thousands digit of 21287?
2
What is the units digit of 68?
8
What is the units digit of 922?
2
What is the hundreds digit of 96475?
4
What is the thousands digit of 6900?
6
What is the units digit of 3399?
9
What is the units digit of 29800?
0
What is the hundreds digit of 707?
7
What is the tens digit of 11229?
2
What is the units digit of 10530?
0
What is the ten thousands digit of 159235?
5
What is the units digit of 1311?
1
What is the units digit of 1115?
5
What is the tens digit of 23177?
7
What is the units digit of 5835?
5
What is the units digit of 5703?
3
What is the units digit of 533?
3
What is the units digit of 961?
1
What is the thousands digit of 6251?
6
What is the tens digit of 101?
0
What is the units digit of 386?
6
What is the tens digit of 1499?
9
What is the units digit of 31897?
7
What is the tens digit of 973?
7
What is the thousands digit of 1018?
1
What is the ten thousands digit of 94298?
9
What is the thousands digit of 83745?
3
What is the ten thousands digit of 24701?
2
What is the ten thousands digit of 69587?
6
What is the units digit of 234?
4
What is the units digit of 922?
2
What is the tens digit of 46586?
8
What is the tens digit of 170?
7
What is the thousands digit of 6422?
6
What is the tens digit of 21246?
4
What is the tens digit of 2029?
2
What is the hundreds digit of 13331?
3
What is the tens digit of 1655?
5
What is the tens digit of 10848?
4
What is the hundreds digit of 9177?
1
What is the units digit of 1074?
4
What is the tens digit of 3729?
2
What is the units digit of 1262?
2
What is the thousands digit of 7947?
7
What is the hundreds digit of 1358?
3
What is the units digit of 214?
4
What is the ten thousands digit of 85791?
8
What is the thousands digit of 89666?
9
What is the hundreds digit of 444?
4
What is the thousands digit of 5802?
5
What is the hundreds digit of 3071?
0
What is the tens digit of 209?
0
What is the hundreds digit of 792?
7
What is the tens digit of 2038?
3
What is the ten thousands digit of 30658?
3
What is the tens digit of 37018?
1
What is the tens digit of 930?
3
What is the units digit of 4809?
9
What is the thousands digit of 1732?
1
What is the hundreds digit of 3370?
3
What is the ten thousands digit of 25911?
2
What is the thousands digit of 4240?
4
What is the hundred thousands digit of 138915?
1
What is the hundreds digit of 6269?
2
What is the tens digit of 163?
6
What is the thousands digit of 4467?
4
What is the tens digit of 3741?
4
What is the hundreds digit of 2387?
3
What is the thousands digit of 33710?
3
What is the hundreds digit of 2328?
3
What is the thousands digit of 64975?
4
What is the tens digit of 111005?
0
What is the tens digit of 4445?
4
What is the ten thousands digit of 26243?
2
What is the tens digit of 2217?
1
What is the thousands digit of 2421?
2
What is the hundreds digit of 1035?
0
What is the hundreds digit of 9793?
7
What is the units digit of 43437?
7
What is the units digit of 4650?
0
What is the thousands digit of 32347?
2
What is the units digit of 61239?
9
What is the tens digit of 24392?
9
What is the hundreds digit of 1739?
7
What is the hundreds digit of 8819?
8
What is the ten thousands digit of 14243?
1
What is the hundreds digit of 2364?
3
What is the ten thousands digit of 66571?
6
What is the units digit of 9009?
9
What is the hundreds digit of 2603?
6
What is the hundreds digit of 6431?
4
What is the tens digit of 1708?
0
What is the units digit of 198?
8
What is the hundreds digit of 13594?
5
What is the tens digit of 916?
1
What is the hundreds digit of 5615?
6
What is the ten thousands digit of 50333?
5
What is the hundreds digit of 22929?
9
What is the tens digit of 13606?
0
What is the thousands digit of 1701?
1
What is the tens digit of 6673?
7
What is the units digit of 1?
1
What is the units digit of 1198?
8
What is the tens digit of 2258?
5
What is the tens digit of 13185?
8
What is the thousands digit of 6997?
6
What is the tens digit of 875?
7
What is the hundreds digit of 523?
5
What is the thousands digit of 2344?
2
What is the ten thousands digit of 14240?
1
What is the tens digit of 648?
4
What is the hundreds digit of 14199?
1
What is the tens digit of 1995?
9
What is the thousands digit of 193437?
3
What is the hundreds digit of 9023?
0
What is the hundreds digit of 7947?
9
What is the ten thousands digit of 10717?
1
What is the units digit of 1533?
3
What is the tens digit of 89916?
1
What is the hundreds digit of 82919?
9
What is the thousands digit of 64423?
4
What is the thousands digit of 1222?
1
What is the units digit of 4057?
7
What is the units digit of 134?
4
What is the hundreds digit of 272?
2
What is the units digit of 67340?
0
What is the tens digit of 244?
4
What is the tens digit of 4094?
9
What is the ten thousands digit of 14640?
1
What is the tens digit of 14289?
8
What is the hundreds digit of 949?
9
What is the tens digit of 7861?
6
What is the hundreds digit of 1503?
5
What is the units digit of 709?
9
What is the units digit of 185?
5
What is the tens digit of 547?
4
What is the hundreds digit of 2033?
0
What is the units digit of 23472?
2
What is the thousands digit of 86594?
6
What is the units digit of 64938?
8
What is the tens digit of 82135?
3
What is the hundreds digit of 568?
5
What is the units digit of 3979?
9
What is the thousands digit of 8820?
8
What is the ten thousands digit of 28257?
2
What is the tens digit of 11271?
7
What is the units digit of 3?
3
What is the units digit of 1279?
9
What is the tens digit of 33787?
8
What is the hundreds digit of 452?
4
What 